. Let f be r(-6). Let a = -5 + f. What is the units digit of (a/(-3))/((-3)/(-162))?
6
Let k be 6/33*-1 + (-192)/33. Let c(b) = -28*b - 22. What is the units digit of c(k)?
6
Suppose 0 = c - 2*n - 326, c = -3*n + 2*n + 341. Suppose 0 = -3*t + v + c + 559, -2*v = 2*t - 610. What is the hundreds digit of t?
3
Let r be -1 - -1 - (-29 + -12). Let o = -23 + r. Let l = -8 + o. What is the units digit of l?
0
Let h(v) = -4*v**2 + 11*v + 10 - 3*v**3 + 4*v**3 - 2*v**3. Let l be h(-7). Suppose -5*a = -a - l. What is the units digit of a?
0
What is the units digit of 712 + 8/(5 + 3)?
3
Suppose 0 = -3*y, -4*a + 2 + 14 = -5*y. Let n(t) = -2*t**3 + t**3 - 4*t**2 + 9*t**2 - a - t. What is the units digit of n(4)?
8
Let t = 15 + -9. Let f be (-1 + 3/t)*6. What is the units digit of f/(9/(-60) + 0)?
0
What is the units digit of (26/2)/(1/(0 + 47))?
1
Suppose 2*v - 4*b = 286, -4*v = -0*b + b - 545. Let n = v - 95. What is the tens digit of n?
4
Let i(r) = r**3 + 36*r**2 - 80*r + 49. What is the hundreds digit of i(-38)?
2
Suppose 3*q - 12 = -q. Suppose -195 = q*z - 6*z. What is the units digit of z?
5
Let g = -31 + -40. Let f = -35 - g. Suppose 2*u - 110 + f = 0. What is the tens digit of u?
3
What is the tens digit of 314/18 + (-64)/144?
1
Let n be 2*(-3)/2*2/(-3). Suppose 0 = -n*s + 21 + 115. What is the tens digit of s?
6
Let o be (6 + (4 - 5))*1. Suppose 5*x - 450 = -o*t, 478 = 5*x - 0*t - 2*t. What is the tens digit of x?
9
Let z = -8 - -8. Suppose 6*u - 2*u - 488 = z. Suppose 4*g - 2*t - 260 = 0, t - u = -5*g + 3*g. What is the units digit of g?
3
Suppose 0 = -10*m + 1305 - 105. Suppose m = 57*k - 54*k. What is the units digit of k?
0
Let j = 152 - 87. Let o = -38 + j. What is the units digit of o?
7
Suppose 3*n - 551 = 2*n. What is the tens digit of n?
5
Let y be (-1)/(-3) + (-40)/(-24). Let h(p) = p - 10. Let r be h(8). What is the units digit of 12 + (y - 2) + r?
0
Suppose -54*m + 58*m = 24. What is the tens digit of (-8)/24 - ((-134)/m + 2)?
2
Let g = -5229 - -9781. What is the thousands digit of g?
4
Suppose -2*j + 0*w - 4*w = 50, 5*w + 10 = 0. What is the units digit of 7/j*(-2 + -13)?
5
Suppose -4*y - 291 - 13 = 0. Let n = 132 + y. What is the units digit of n?
6
Let w(x) = -x**3 - 5*x**2 + 4*x - 7. Let d be w(-6). Suppose 199 = d*j - 131. What is the tens digit of j?
6
Let q be ((0 - 0) + 0)/2. Let a be (0/(-11))/(-1 - q). Suppose -6*c + 7*c - 53 = a. What is the units digit of c?
3
Let v(n) = n**2 + 388. What is the tens digit of v(0)?
8
Let h = -2 + 4. Let k be 2*(-2 - h*-3). What is the tens digit of k - -5 - 0/(-1)?
1
Suppose -3*o + 44 = o - 3*x, -5*x = 0. Suppose -4*l - o = -147. Let h = l - 18. What is the units digit of h?
6
Let h = -1371 - -1980. What is the hundreds digit of h?
6
Let h(g) be the third derivative of 0 + 1/60*g**5 + 0*g - 5/3*g**3 + 1/3*g**4 - 4*g**2. What is the units digit of h(-10)?
0
Suppose -826 = -77*f + 76*f. What is the tens digit of f?
2
Let b = -647 - -1770. What is the hundreds digit of b?
1
Let c = 3676 + -869. What is the units digit of c?
7
Let l(m) = -m**2 + 10*m + 38. Let x be l(11). Suppose x*n - 957 = 16*n. What is the units digit of n?
7
Suppose -7*t = -13*t + 24. Let p be 186/14 - 2/7. Suppose -3*y + 6 = 4*w, w = y + t - p. What is the units digit of y?
6
Let n = 5194 + -3425. What is the thousands digit of n?
1
Let h be (234/(-15))/((-10)/25). Let y = h + -20. What is the tens digit of y?
1
Let p(s) = s**2 + 7*s + 7. Let c be p(-9). Suppose -2*l = -3*a + l + 195, 5*l + c = 0. Suppose g + g - x = 33, a = 4*g + 4*x. What is the tens digit of g?
1
Let q(s) = 2*s**2 + 3*s - 1. Let f be q(4). Let j = 13 + f. What is the tens digit of (0 - 0) + j + -7?
4
Let f be 14/(24/11 - 2). Let a be (f/44)/((-2)/(-8)). Suppose 3*m - a*n + 2*n = 20, 4*n = -4*m + 80. What is the units digit of m?
5
Suppose -5*t - 35 = -5*r, -8*t - 5*r - 1 = -4*t. What is the tens digit of 8/t*107/4*-2?
0
Let b(z) = -z**3 - 2*z**2 + z - 3. Let y be b(-3). Suppose 12 = y*u - 4*x, -2*u + 16 = 2*u - 5*x. What is the units digit of 1*2 - (-3 - u)?
9
Let l = -18 + 21. What is the tens digit of 2/2 - ((0 - l) + -127)?
3
Let o(b) = 1 - 5 + 0*b**3 + 3 + b**3 - 2*b. Let l be o(-1). What is the units digit of 28 - l*(-1)/2?
8
Let x(h) = 26*h**2 - 16*h - 31. What is the hundreds digit of x(-6)?
0
Suppose 4*t = 7*t - 9. Suppose -5*y - p = t*p - 18, -2*y + p + 15 = 0. Let i(c) = c**3 - 6*c**2 + 2*c + 4. What is the tens digit of i(y)?
1
Let g(x) = -14*x - 46. Suppose 0 = 2*i + 30. What is the hundreds digit of g(i)?
1
Let i(p) = 7*p**3 + 7*p**2 - 25*p. What is the tens digit of i(6)?
1
Let s(k) be the third derivative of k**5/60 + k**4/8 - 5*k**3/3 + 12*k**2. What is the tens digit of s(-7)?
1
Suppose 3*u = -5*j + 2*j - 759, 0 = 2*j - 3*u + 526. What is the units digit of (-12)/(-20) - j/5?
2
What is the units digit of 22 + 2/(-2)*1?
1
Suppose -2*f = 5*o - 8768, -o + 2*f = -3*f - 1759. What is the thousands digit of o?
1
Let m(r) = 3*r + 33. Let b be m(-7). Suppose b*p + 408 = 16*p. What is the hundreds digit of p?
1
Let l be 24*((-9)/(-3) + 22). Suppose -7*f - 468 = -4*t - 3*f, l = 5*t - 2*f. What is the hundreds digit of t?
1
Suppose -2*n + 9 = n, -n = 3*q - 27. Suppose -q = -5*l + 12. Suppose -3*b + l*b - 3 = 3*g, 0 = b + 3*g - 27. What is the tens digit of b?
1
Let h be (-2)/(-4 - -6)*-19. Let a be h/2*(6 - 2). Suppose -o - 32 = -4*o - 5*i, -2*o + 5*i = -a. What is the tens digit of o?
1
Let k = 53 - 63. What is the units digit of k*(705/6)/(-5) - 2?
3
Let v be (-1 + 4)*(-8)/(-6). Suppose v*n + 3*q = 194 + 18, -q = -3*n + 172. Suppose o = 5*o - n. What is the tens digit of o?
1
Suppose 3*b = 5 + 7. What is the tens digit of 182/b + (-2)/4?
4
Let a(u) = -10*u + 77. What is the tens digit of a(4)?
3
What is the tens digit of 6 + -11 - (-256 + 2)?
4
What is the tens digit of 30836/39*(-3)/(-2) + -5?
8
Let v(j) = -j**3 + 11*j**2 + 4*j + 19. Let r be v(12). What is the hundreds digit of (-4)/22 - 8638/r?
1
Let c(m) = 116*m + 4. Let i be c(1). Suppose -4*s + i = -0*s. What is the units digit of s?
0
Let u(j) be the first derivative of -j**4/4 - 4*j**3 - j**2 + 6*j + 1. What is the tens digit of u(-12)?
3
Let f be 4 + -1 + 1 + (-4)/2. What is the units digit of -4 + 42 + 2/(-2)*f?
6
Suppose 0*x + t = -x - 2, -5*x = 3*t + 14. Let n be ((-62)/x)/(8/16). Let o = 64 - n. What is the tens digit of o?
3
Let h(m) = -m + 16. Let v be h(15). Suppose -503 = 4*x - 5*y, 0 = -2*y - 11 + v. What is the units digit of x/(-1)*4/12?
4
Suppose -64*d + 59*d = 4*p - 2962, 0 = 3*p - 9. What is the units digit of d?
0
Let c = 6 - 0. Let p be (-8)/c + (-6)/9. What is the units digit of (p/3)/((-6)/315)?
5
Let l = 2253 - 643. What is the tens digit of l?
1
Suppose -3*r - 2*j = -15125, -5*j = -61*r + 58*r + 15139. What is the units digit of r?
3
Suppose -1031 = -10*k - 301. What is the units digit of k?
3
Let f(y) = -3*y - 15. Let v be f(-5). What is the tens digit of (-174)/(-2) + 3 - v?
9
Let x(u) = -27*u + 14. Let a be x(6). Let h be a/(-12) + 1/(-3). What is the tens digit of (h/5)/(2/15)?
1
Suppose -3*z + 3 = -0*z. Let o be ((0 + 0)/2)/z. What is the units digit of (o + 1 - 1) + 2?
2
Suppose 3*l = 318 + 210. Suppose 3*x + 2*k = 283, 5*k + l = -2*x + 4*x. What is the tens digit of x?
9
Let y be 1*-2*3/(-12)*0. Suppose y = 9*w - 17 - 1432. What is the units digit of w?
1
Let i(n) = -9*n + 1. Let m be i(1). What is the units digit of 454/8 + 6/m?
6
Suppose -5*r = -4*u - 8255, -226*r - 4*u = -227*r + 1651. What is the thousands digit of r?
1
Let v(y) = -y**3 - y**2 - 26. Let i be v(0). Suppose 0 = 79*p - 1827 - 938. Let d = p + i. What is the units digit of d?
9
Suppose 3*y = 8*y - 715. Let w = -70 + y. What is the tens digit of w?
7
Let m = -546 + 804. Suppose -m = 7*w - 13*w. What is the units digit of w?
3
Suppose 13*h = 10*h. Suppose h*i + i = 31. What is the tens digit of i?
3
Let y = 863 - -297. What is the tens digit of y?
6
Suppose 12*r = 16*r + 212. Let b = r + 90. Suppose 5*u - 253 = b. What is the tens digit of u?
5
Let h(i) = -i**3 + 20*i**2 - 26*i - 17. What is the hundreds digit of h(14)?
7
Let t be 3 + -1*(-22)/2. Let x(b) be the first derivative of 2*b**2 - 13*b - 1. What is the tens digit of x(t)?
4
Suppose 57*z - 42*z = 23715. What is the tens digit of z?
8